{"id":220,"date":"2023-04-14T16:34:53","date_gmt":"2023-04-14T14:34:53","guid":{"rendered":"https:\/\/eho-group.com\/?page_id=220"},"modified":"2023-04-14T16:36:04","modified_gmt":"2023-04-14T14:36:04","slug":"politica-de-privacidad","status":"publish","type":"page","link":"https:\/\/eho-group.com\/ca\/politica-de-privacidad\/","title":{"rendered":"Pol\u00edtica de Privadesa"},"content":{"rendered":"<div data-elementor-type=\"wp-page\" data-elementor-id=\"220\" class=\"elementor elementor-220\" data-elementor-post-type=\"page\">\n\t\t\t\t\t\t<section class=\"elementor-section elementor-top-section elementor-element elementor-element-cf8f0d5 elementor-section-boxed elementor-section-height-default elementor-section-height-default\" data-id=\"cf8f0d5\" data-element_type=\"section\" data-e-type=\"section\">\n\t\t\t\t\t\t<div class=\"elementor-container elementor-column-gap-default\">\n\t\t\t\t\t<div class=\"elementor-column elementor-col-100 elementor-top-column elementor-element elementor-element-6384841\" data-id=\"6384841\" data-element_type=\"column\" data-e-type=\"column\">\n\t\t\t<div class=\"elementor-widget-wrap elementor-element-populated\">\n\t\t\t\t\t\t<div class=\"elementor-element elementor-element-aa9b740 elementor-widget elementor-widget-text-editor\" data-id=\"aa9b740\" data-element_type=\"widget\" data-e-type=\"widget\" data-widget_type=\"text-editor.default\">\n\t\t\t\t<div class=\"elementor-widget-container\">\n\t\t\t\t\t\t\t\t\t<p>En compliment del que disposa el Reglament (UE) 2016\/679 del Parlament Europeu i del Consell de 27 d'abril de 2016 relatiu a la protecci\u00f3 de les persones f\u00edsiques pel que fa al tractament de dades personals ia la lliure circulaci\u00f3 d'aquestes dades , aix\u00ed com a la resta de normativa vigent en mat\u00e8ria de protecci\u00f3 de dades, el PROPIETARI DE LA WEB us informa del seg\u00fcent:<\/p>\n<p><strong>Qui \u00e9s el responsable del tractament de les vostres dades?<\/strong><\/p>\n<p>El responsable del tractament \u00e9s el PROPIETARI DEL WEB les dades identificatives del qual es troben al punt 1 de l'AV\u00cdS LEGAL.<\/p>\n<p><strong>Amb quina finalitat tractem les vostres dades personals?<\/strong><\/p>\n<p>El PROPIETARI DE LA WEB tractar\u00e0 la informaci\u00f3 que faciliti l'usuari a trav\u00e9s del Lloc Web per tal de gestionar la prestaci\u00f3 dels serveis sol\u00b7licitats i la gesti\u00f3 administrativa derivada dels mateixos, aix\u00ed com remetre peri\u00f2dicament newsletters, comunicacions comercials sobre serveis, esdeveniments i not\u00edcies relacionades amb l'activitat professional del PROPIETARI DE LA WEB quan l'usuari ho autoritzi, i per valorar la candidatura de l'usuari en cas que es recullin curr\u00edculums a trav\u00e9s del web.<\/p>\n<p><strong>Durant quant de temps es conservaran les vostres dades?<\/strong><\/p>\n<p>Les dades personals es conservaran mentre l'usuari no en sol\u00b7liciti la supressi\u00f3 i, en tot cas, durant els anys necessaris per complir les obligacions legals que estableixi la normativa vigent, o per fer front a les possibles responsabilitats que poguessin sorgir.<\/p>\n<p><strong>Quina \u00e9s la legitimaci\u00f3 per al tractament de les vostres dades?<\/strong><\/p>\n<p>La legitimaci\u00f3 del PROPIETARI DE LA WEB per dur a terme el tractament de les dades dels usuaris es basa en el consentiment de l'interessat.<\/p>\n<p><strong>A quins destinataris es comunicaran les vostres dades?<\/strong><\/p>\n<p>Amb car\u00e0cter general les dades no seran cedides a tercers, llevat que ho estableixi la legislaci\u00f3 vigent.<\/p>\n<p><strong>Quins s\u00f3n els drets dels usuaris?<\/strong><\/p>\n<p class=\"translation-block\">L'usuari t\u00e9 dret a obtenir confirmaci\u00f3 sobre si el PROPIETARI DE LA WEB est\u00e0 tractant dades personals que els concerneixin o no. Tenen dret a accedir a les seves dades personals, aix\u00ed com a sol\u00b7licitar la rectificaci\u00f3 de les dades inexactes o, si escau, sol\u00b7licitar la supressi\u00f3 quan, entre altres motius, les dades ja no siguin necess\u00e0ries per als fins que en van motivar la recollida. En determinades circumst\u00e0ncies l'usuari podr\u00e0 sol\u00b7licitar la limitaci\u00f3 del tractament de les seves dades personals, cas en qu\u00e8 \u00fanicament es conservaran bloquejats per a l'exercici o la defensa en reclamacions. En determinades circumst\u00e0ncies i per motius relacionats amb la seva situaci\u00f3 particular, els usuaris podran oposar-se al tractament de les seves dades, cas en qu\u00e8 el PROPIETARI DE LA WEB deixar\u00e0 de tractar les seves dades, excepte per motius leg\u00edtims imperiosos, o l'exercici o defensa de possibles reclamacions . A m\u00e9s dels drets anteriors, l'usuari tamb\u00e9 tindr\u00e0 dret a retirar el consentiment i el dret a presentar una reclamaci\u00f3 davant de l'Autoritat de Control. Disposa de la informaci\u00f3 necess\u00e0ria a <a href=\"http:\/\/www.agpd.es\" target=\"_self\">www.agpd.es<\/a>. Podreu exercitar materialment els vostres drets aportant c\u00f2pia del vostre DNI o document oficial que us identifiqui, mitjan\u00e7ant l'enviament d'un mail o per correu postal dirigint-vos al PROPIETARI DEL WEB, les dades identificatives del qual es troben al punt 1 de l'AV\u00cdS LEGAL.<\/p>\n<p><strong>Quines mesures de seguretat implantem per protegir les vostres dades?<\/strong><\/p>\n<p>El PROPIETARI DE LA WEB tractar\u00e0 les dades de l'Usuari en tot moment de manera absolutament confidencial i guardar\u00e0 el preceptiu deure de secret respecte d'aquests, de conformitat amb all\u00f2 previst a la normativa d'aplicaci\u00f3, adoptant a aquest efecte les mesures d'\u00edndole t\u00e8cnica i organitzatives necess\u00e0ries que garanteixin la seguretat de les seves dades i evitin la seva alteraci\u00f3, p\u00e8rdua, tractament o acc\u00e9s no autoritzat, tenint en compte l'estat de la tecnologia, la naturalesa de les dades emmagatzemades i els riscos a qu\u00e8 estan exposats.<\/p>\n<p>\u00a0<\/p>\t\t\t\t\t\t\t\t<\/div>\n\t\t\t\t<\/div>\n\t\t\t\t\t<\/div>\n\t\t<\/div>\n\t\t\t\t\t<\/div>\n\t\t<\/section>\n\t\t\t\t<\/div>","protected":false},"excerpt":{"rendered":"<p>En cumplimiento de lo dispuesto en el Reglamento (UE) 2016\/679 del Parlamento Europeo y del Consejo de 27 de abril de 2016 relativo a la protecci\u00f3n de las personas f\u00edsicas en lo que respecta a tratamiento de datos personales y a la libre circulaci\u00f3n de \u00e9stos datos, as\u00ed como en el resto de normativa vigente [&hellip;]<\/p>\n","protected":false},"author":1,"featured_media":0,"parent":0,"menu_order":0,"comment_status":"closed","ping_status":"closed","template":"","meta":{"footnotes":""},"class_list":["post-220","page","type-page","status-publish","hentry"],"yoast_head":"<!-- This site is optimized with the Yoast SEO plugin v27.4 - https:\/\/yoast.com\/product\/yoast-seo-wordpress\/ -->\n<title>Pol\u00edtica de Privacidad - ehogroup<\/title>\n<meta name=\"robots\" content=\"index, follow, max-snippet:-1, max-image-preview:large, max-video-preview:-1\" \/>\n<link rel=\"canonical\" href=\"https:\/\/eho-group.com\/ca\/politica-de-privacidad\/\" \/>\n<meta property=\"og:locale\" content=\"ca_ES\" \/>\n<meta property=\"og:type\" content=\"article\" \/>\n<meta property=\"og:title\" content=\"Pol\u00edtica de Privacidad - ehogroup\" \/>\n<meta property=\"og:description\" content=\"En cumplimiento de lo dispuesto en el Reglamento (UE) 2016\/679 del Parlamento Europeo y del Consejo de 27 de abril de 2016 relativo a la protecci\u00f3n de las personas f\u00edsicas en lo que respecta a tratamiento de datos personales y a la libre circulaci\u00f3n de \u00e9stos datos, as\u00ed como en el resto de normativa vigente [&hellip;]\" \/>\n<meta property=\"og:url\" content=\"https:\/\/eho-group.com\/ca\/politica-de-privacidad\/\" \/>\n<meta property=\"og:site_name\" content=\"ehogroup\" \/>\n<meta property=\"article:modified_time\" content=\"2023-04-14T14:36:04+00:00\" \/>\n<meta name=\"twitter:card\" content=\"summary_large_image\" \/>\n<meta name=\"twitter:label1\" content=\"Temps estimat de lectura\" \/>\n\t<meta name=\"twitter:data1\" content=\"3 minuts\" \/>\n<script type=\"application\/ld+json\" class=\"yoast-schema-graph\">{\"@context\":\"https:\\\/\\\/schema.org\",\"@graph\":[{\"@type\":\"WebPage\",\"@id\":\"https:\\\/\\\/eho-group.com\\\/politica-de-privacidad\\\/\",\"url\":\"https:\\\/\\\/eho-group.com\\\/politica-de-privacidad\\\/\",\"name\":\"Pol\u00edtica de Privacidad - ehogroup\",\"isPartOf\":{\"@id\":\"https:\\\/\\\/eho-group.com\\\/#website\"},\"datePublished\":\"2023-04-14T14:34:53+00:00\",\"dateModified\":\"2023-04-14T14:36:04+00:00\",\"breadcrumb\":{\"@id\":\"https:\\\/\\\/eho-group.com\\\/politica-de-privacidad\\\/#breadcrumb\"},\"inLanguage\":\"ca\",\"potentialAction\":[{\"@type\":\"ReadAction\",\"target\":[\"https:\\\/\\\/eho-group.com\\\/politica-de-privacidad\\\/\"]}]},{\"@type\":\"BreadcrumbList\",\"@id\":\"https:\\\/\\\/eho-group.com\\\/politica-de-privacidad\\\/#breadcrumb\",\"itemListElement\":[{\"@type\":\"ListItem\",\"position\":1,\"name\":\"Portada\",\"item\":\"https:\\\/\\\/eho-group.com\\\/\"},{\"@type\":\"ListItem\",\"position\":2,\"name\":\"Pol\u00edtica de Privacidad\"}]},{\"@type\":\"WebSite\",\"@id\":\"https:\\\/\\\/eho-group.com\\\/#website\",\"url\":\"https:\\\/\\\/eho-group.com\\\/\",\"name\":\"ehogroup\",\"description\":\"\",\"publisher\":{\"@id\":\"https:\\\/\\\/eho-group.com\\\/#organization\"},\"potentialAction\":[{\"@type\":\"SearchAction\",\"target\":{\"@type\":\"EntryPoint\",\"urlTemplate\":\"https:\\\/\\\/eho-group.com\\\/?s={search_term_string}\"},\"query-input\":{\"@type\":\"PropertyValueSpecification\",\"valueRequired\":true,\"valueName\":\"search_term_string\"}}],\"inLanguage\":\"ca\"},{\"@type\":\"Organization\",\"@id\":\"https:\\\/\\\/eho-group.com\\\/#organization\",\"name\":\"ehogroup\",\"url\":\"https:\\\/\\\/eho-group.com\\\/\",\"logo\":{\"@type\":\"ImageObject\",\"inLanguage\":\"ca\",\"@id\":\"https:\\\/\\\/eho-group.com\\\/#\\\/schema\\\/logo\\\/image\\\/\",\"url\":\"https:\\\/\\\/eho-group.com\\\/wp-content\\\/uploads\\\/2023\\\/04\\\/cropped-logo-ehogroup-01.webp\",\"contentUrl\":\"https:\\\/\\\/eho-group.com\\\/wp-content\\\/uploads\\\/2023\\\/04\\\/cropped-logo-ehogroup-01.webp\",\"width\":1080,\"height\":276,\"caption\":\"ehogroup\"},\"image\":{\"@id\":\"https:\\\/\\\/eho-group.com\\\/#\\\/schema\\\/logo\\\/image\\\/\"}}]}<\/script>\n<!-- \/ Yoast SEO plugin. -->","yoast_head_json":{"title":"Pol\u00edtica de Privacidad - ehogroup","robots":{"index":"index","follow":"follow","max-snippet":"max-snippet:-1","max-image-preview":"max-image-preview:large","max-video-preview":"max-video-preview:-1"},"canonical":"https:\/\/eho-group.com\/ca\/politica-de-privacidad\/","og_locale":"ca_ES","og_type":"article","og_title":"Pol\u00edtica de Privacidad - ehogroup","og_description":"En cumplimiento de lo dispuesto en el Reglamento (UE) 2016\/679 del Parlamento Europeo y del Consejo de 27 de abril de 2016 relativo a la protecci\u00f3n de las personas f\u00edsicas en lo que respecta a tratamiento de datos personales y a la libre circulaci\u00f3n de \u00e9stos datos, as\u00ed como en el resto de normativa vigente [&hellip;]","og_url":"https:\/\/eho-group.com\/ca\/politica-de-privacidad\/","og_site_name":"ehogroup","article_modified_time":"2023-04-14T14:36:04+00:00","twitter_card":"summary_large_image","twitter_misc":{"Temps estimat de lectura":"3 minuts"},"schema":{"@context":"https:\/\/schema.org","@graph":[{"@type":"WebPage","@id":"https:\/\/eho-group.com\/politica-de-privacidad\/","url":"https:\/\/eho-group.com\/politica-de-privacidad\/","name":"Pol\u00edtica de Privacidad - ehogroup","isPartOf":{"@id":"https:\/\/eho-group.com\/#website"},"datePublished":"2023-04-14T14:34:53+00:00","dateModified":"2023-04-14T14:36:04+00:00","breadcrumb":{"@id":"https:\/\/eho-group.com\/politica-de-privacidad\/#breadcrumb"},"inLanguage":"ca","potentialAction":[{"@type":"ReadAction","target":["https:\/\/eho-group.com\/politica-de-privacidad\/"]}]},{"@type":"BreadcrumbList","@id":"https:\/\/eho-group.com\/politica-de-privacidad\/#breadcrumb","itemListElement":[{"@type":"ListItem","position":1,"name":"Portada","item":"https:\/\/eho-group.com\/"},{"@type":"ListItem","position":2,"name":"Pol\u00edtica de Privacidad"}]},{"@type":"WebSite","@id":"https:\/\/eho-group.com\/#website","url":"https:\/\/eho-group.com\/","name":"ehogroup","description":"","publisher":{"@id":"https:\/\/eho-group.com\/#organization"},"potentialAction":[{"@type":"SearchAction","target":{"@type":"EntryPoint","urlTemplate":"https:\/\/eho-group.com\/?s={search_term_string}"},"query-input":{"@type":"PropertyValueSpecification","valueRequired":true,"valueName":"search_term_string"}}],"inLanguage":"ca"},{"@type":"Organization","@id":"https:\/\/eho-group.com\/#organization","name":"ehogroup","url":"https:\/\/eho-group.com\/","logo":{"@type":"ImageObject","inLanguage":"ca","@id":"https:\/\/eho-group.com\/#\/schema\/logo\/image\/","url":"https:\/\/eho-group.com\/wp-content\/uploads\/2023\/04\/cropped-logo-ehogroup-01.webp","contentUrl":"https:\/\/eho-group.com\/wp-content\/uploads\/2023\/04\/cropped-logo-ehogroup-01.webp","width":1080,"height":276,"caption":"ehogroup"},"image":{"@id":"https:\/\/eho-group.com\/#\/schema\/logo\/image\/"}}]}},"_links":{"self":[{"href":"https:\/\/eho-group.com\/ca\/wp-json\/wp\/v2\/pages\/220","targetHints":{"allow":["GET"]}}],"collection":[{"href":"https:\/\/eho-group.com\/ca\/wp-json\/wp\/v2\/pages"}],"about":[{"href":"https:\/\/eho-group.com\/ca\/wp-json\/wp\/v2\/types\/page"}],"author":[{"embeddable":true,"href":"https:\/\/eho-group.com\/ca\/wp-json\/wp\/v2\/users\/1"}],"replies":[{"embeddable":true,"href":"https:\/\/eho-group.com\/ca\/wp-json\/wp\/v2\/comments?post=220"}],"version-history":[{"count":4,"href":"https:\/\/eho-group.com\/ca\/wp-json\/wp\/v2\/pages\/220\/revisions"}],"predecessor-version":[{"id":224,"href":"https:\/\/eho-group.com\/ca\/wp-json\/wp\/v2\/pages\/220\/revisions\/224"}],"wp:attachment":[{"href":"https:\/\/eho-group.com\/ca\/wp-json\/wp\/v2\/media?parent=220"}],"curies":[{"name":"wp","href":"https:\/\/api.w.org\/{rel}","templated":true}]}}

Política de Privadesa

<div data-elementor-type="wp-page" data-elementor-id="220" class="elementor elementor-220" data-elementor-post-type="page">
						<section class="elementor-section elementor-top-section elementor-element elementor-element-cf8f0d5 elementor-section-boxed elementor-section-height-default elementor-section-height-default" data-id="cf8f0d5" data-element_type="section" data-e-type="section">
						<div class="elementor-container elementor-column-gap-default">
					<div class="elementor-column elementor-col-100 elementor-top-column elementor-element elementor-element-6384841" data-id="6384841" data-element_type="column" data-e-type="column">
			<div class="elementor-widget-wrap elementor-element-populated">
						<div class="elementor-element elementor-element-aa9b740 elementor-widget elementor-widget-text-editor" data-id="aa9b740" data-element_type="widget" data-e-type="widget" data-widget_type="text-editor.default">
				<div class="elementor-widget-container">
									<p>En compliment del que disposa el Reglament (UE) 2016/679 del Parlament Europeu i del Consell de 27 d'abril de 2016 relatiu a la protecció de les persones físiques pel que fa al tractament de dades personals ia la lliure circulació d'aquestes dades , així com a la resta de normativa vigent en matèria de protecció de dades, el PROPIETARI DE LA WEB us informa del següent:</p>
<p><strong>Qui és el responsable del tractament de les vostres dades?</strong></p>
<p>El responsable del tractament és el PROPIETARI DEL WEB les dades identificatives del qual es troben al punt 1 de l'AVÍS LEGAL.</p>
<p><strong>Amb quina finalitat tractem les vostres dades personals?</strong></p>
<p>El PROPIETARI DE LA WEB tractarà la informació que faciliti l'usuari a través del Lloc Web per tal de gestionar la prestació dels serveis sol·licitats i la gestió administrativa derivada dels mateixos, així com remetre periòdicament newsletters, comunicacions comercials sobre serveis, esdeveniments i notícies relacionades amb l'activitat professional del PROPIETARI DE LA WEB quan l'usuari ho autoritzi, i per valorar la candidatura de l'usuari en cas que es recullin currículums a través del web.</p>
<p><strong>Durant quant de temps es conservaran les vostres dades?</strong></p>
<p>Les dades personals es conservaran mentre l'usuari no en sol·liciti la supressió i, en tot cas, durant els anys necessaris per complir les obligacions legals que estableixi la normativa vigent, o per fer front a les possibles responsabilitats que poguessin sorgir.</p>
<p><strong>Quina és la legitimació per al tractament de les vostres dades?</strong></p>
<p>La legitimació del PROPIETARI DE LA WEB per dur a terme el tractament de les dades dels usuaris es basa en el consentiment de l'interessat.</p>
<p><strong>A quins destinataris es comunicaran les vostres dades?</strong></p>
<p>Amb caràcter general les dades no seran cedides a tercers, llevat que ho estableixi la legislació vigent.</p>
<p><strong>Quins són els drets dels usuaris?</strong></p>
<p class="translation-block">L'usuari té dret a obtenir confirmació sobre si el PROPIETARI DE LA WEB està tractant dades personals que els concerneixin o no. Tenen dret a accedir a les seves dades personals, així com a sol·licitar la rectificació de les dades inexactes o, si escau, sol·licitar la supressió quan, entre altres motius, les dades ja no siguin necessàries per als fins que en van motivar la recollida. En determinades circumstàncies l'usuari podrà sol·licitar la limitació del tractament de les seves dades personals, cas en què únicament es conservaran bloquejats per a l'exercici o la defensa en reclamacions. En determinades circumstàncies i per motius relacionats amb la seva situació particular, els usuaris podran oposar-se al tractament de les seves dades, cas en què el PROPIETARI DE LA WEB deixarà de tractar les seves dades, excepte per motius legítims imperiosos, o l'exercici o defensa de possibles reclamacions . A més dels drets anteriors, l'usuari també tindrà dret a retirar el consentiment i el dret a presentar una reclamació davant de l'Autoritat de Control. Disposa de la informació necessària a <a href="http://www.agpd.es" target="_self">www.agpd.es</a>. Podreu exercitar materialment els vostres drets aportant còpia del vostre DNI o document oficial que us identifiqui, mitjançant l'enviament d'un mail o per correu postal dirigint-vos al PROPIETARI DEL WEB, les dades identificatives del qual es troben al punt 1 de l'AVÍS LEGAL.</p>
<p><strong>Quines mesures de seguretat implantem per protegir les vostres dades?</strong></p>
<p>El PROPIETARI DE LA WEB tractarà les dades de l'Usuari en tot moment de manera absolutament confidencial i guardarà el preceptiu deure de secret respecte d'aquests, de conformitat amb allò previst a la normativa d'aplicació, adoptant a aquest efecte les mesures d'índole tècnica i organitzatives necessàries que garanteixin la seguretat de les seves dades i evitin la seva alteració, pèrdua, tractament o accés no autoritzat, tenint en compte l'estat de la tecnologia, la naturalesa de les dades emmagatzemades i els riscos a què estan exposats.</p>
<p> </p>								</div>
				</div>
					</div>
		</div>
					</div>
		</section>
				</div>

<p>En cumplimiento de lo dispuesto en el Reglamento (UE) 2016/679 del Parlamento Europeo y del Consejo de 27 de abril de 2016 relativo a la protección de las personas físicas en lo que respecta a tratamiento de datos personales y a la libre circulación de éstos datos, así como en el resto de normativa vigente [&hellip;]</p>

<!-- This site is optimized with the Yoast SEO plugin v27.4 - https://yoast.com/product/yoast-seo-wordpress/ -->
<title>Política de Privacidad - ehogroup</title>
<meta name="robots" content="index, follow, max-snippet:-1, max-image-preview:large, max-video-preview:-1" />
<link rel="canonical" href="https://eho-group.com/ca/politica-de-privacidad/" />
<meta property="og:locale" content="ca_ES" />
<meta property="og:type" content="article" />
<meta property="og:title" content="Política de Privacidad - ehogroup" />
<meta property="og:description" content="En cumplimiento de lo dispuesto en el Reglamento (UE) 2016/679 del Parlamento Europeo y del Consejo de 27 de abril de 2016 relativo a la protección de las personas físicas en lo que respecta a tratamiento de datos personales y a la libre circulación de éstos datos, así como en el resto de normativa vigente [&hellip;]" />
<meta property="og:url" content="https://eho-group.com/ca/politica-de-privacidad/" />
<meta property="og:site_name" content="ehogroup" />
<meta property="article:modified_time" content="2023-04-14T14:36:04+00:00" />
<meta name="twitter:card" content="summary_large_image" />
<meta name="twitter:label1" content="Temps estimat de lectura" />
	<meta name="twitter:data1" content="3 minuts" />
<script type="application/ld+json" class="yoast-schema-graph">{"@context":"https:\/\/schema.org","@graph":[{"@type":"WebPage","@id":"https:\/\/eho-group.com\/politica-de-privacidad\/","url":"https:\/\/eho-group.com\/politica-de-privacidad\/","name":"Política de Privacidad - ehogroup","isPartOf":{"@id":"https:\/\/eho-group.com\/#website"},"datePublished":"2023-04-14T14:34:53+00:00","dateModified":"2023-04-14T14:36:04+00:00","breadcrumb":{"@id":"https:\/\/eho-group.com\/politica-de-privacidad\/#breadcrumb"},"inLanguage":"ca","potentialAction":[{"@type":"ReadAction","target":["https:\/\/eho-group.com\/politica-de-privacidad\/"]}]},{"@type":"BreadcrumbList","@id":"https:\/\/eho-group.com\/politica-de-privacidad\/#breadcrumb","itemListElement":[{"@type":"ListItem","position":1,"name":"Portada","item":"https:\/\/eho-group.com\/"},{"@type":"ListItem","position":2,"name":"Política de Privacidad"}]},{"@type":"WebSite","@id":"https:\/\/eho-group.com\/#website","url":"https:\/\/eho-group.com\/","name":"ehogroup","description":"","publisher":{"@id":"https:\/\/eho-group.com\/#organization"},"potentialAction":[{"@type":"SearchAction","target":{"@type":"EntryPoint","urlTemplate":"https:\/\/eho-group.com\/?s={search_term_string}"},"query-input":{"@type":"PropertyValueSpecification","valueRequired":true,"valueName":"search_term_string"}}],"inLanguage":"ca"},{"@type":"Organization","@id":"https:\/\/eho-group.com\/#organization","name":"ehogroup","url":"https:\/\/eho-group.com\/","logo":{"@type":"ImageObject","inLanguage":"ca","@id":"https:\/\/eho-group.com\/#\/schema\/logo\/image\/","url":"https:\/\/eho-group.com\/wp-content\/uploads\/2023\/04\/cropped-logo-ehogroup-01.webp","contentUrl":"https:\/\/eho-group.com\/wp-content\/uploads\/2023\/04\/cropped-logo-ehogroup-01.webp","width":1080,"height":276,"caption":"ehogroup"},"image":{"@id":"https:\/\/eho-group.com\/#\/schema\/logo\/image\/"}}]}</script>
<!-- / Yoast SEO plugin. -->

Política de Privacidad - ehogroup

En cumplimiento de lo dispuesto en el Reglamento (UE) 2016/679 del Parlamento Europeo y del Consejo de 27 de abril de 2016 relativo a la protección de las personas físicas en lo que respecta a tratamiento de datos personales y a la libre circulación de éstos datos, así como en el resto de normativa vigente [&hellip;]

Política de Privacidad
